{"id":305,"date":"2025-10-03T12:55:56","date_gmt":"2025-10-03T12:55:56","guid":{"rendered":"https:\/\/hoffnungfuerjeden.com\/?page_id=305"},"modified":"2025-10-03T13:42:05","modified_gmt":"2025-10-03T13:42:05","slug":"ueber-uns","status":"publish","type":"page","link":"https:\/\/hoffnungfuerjeden.com\/index.php\/ueber-uns\/","title":{"rendered":"\u00dcber uns"},"content":{"rendered":"\n<figure class=\"wp-block-image size-full\"><img loading=\"lazy\" decoding=\"async\" width=\"931\" height=\"450\" src=\"https:\/\/hoffnungfuerjeden.com\/wordpress\/wp-content\/uploads\/2025\/10\/hfjkhg.png\" alt=\"\" class=\"wp-image-306\" srcset=\"https:\/\/hoffnungfuerjeden.com\/wordpress\/wp-content\/uploads\/2025\/10\/hfjkhg.png 931w, https:\/\/hoffnungfuerjeden.com\/wordpress\/wp-content\/uploads\/2025\/10\/hfjkhg-300x145.png 300w, https:\/\/hoffnungfuerjeden.com\/wordpress\/wp-content\/uploads\/2025\/10\/hfjkhg-768x371.png 768w, https:\/\/hoffnungfuerjeden.com\/wordpress\/wp-content\/uploads\/2025\/10\/hfjkhg-421x203.png 421w, https:\/\/hoffnungfuerjeden.com\/wordpress\/wp-content\/uploads\/2025\/10\/hfjkhg-620x300.png 620w\" sizes=\"(max-width: 931px) 100vw, 931px\" \/><\/figure>\n\n\n\n<details class=\"wp-block-details is-layout-flow wp-block-details-is-layout-flow\"><summary><strong>Hoffnung F\u00fcr Jeden ist ein christlicher gemeinn\u00fctziger Verein, dessen Ziel es ist, obdachlosen und bed\u00fcrftigen Menschen wieder neue Hoffnung zu schenken. Wir verteilen unter anderem warme Speisen, sonstige Lebensmittel und Kleidung zum mitnehmen, die uns von unterschiedlichen Sponsoren und Unterst\u00fctzern zur Verf\u00fcgung gestellt werden.<\/strong><\/summary>\n<p><\/p>\n<\/details>\n\n\n\n<details class=\"wp-block-details is-layout-flow wp-block-details-is-layout-flow\"><summary><strong>Zu Beginn waren wir eine Handvoll Menschen, die wohnungslosen Menschen mit einer Portion warmen Gulasch im Winter beschenkten. Als wir die Not der Menschen sahen, wuchs in uns der Wunsch, regelm\u00e4\u00dfig f\u00fcr diese Menschen da zu sein. Wir starteten mit monatlichen Ausspeisungen an denen wir auch Lebensmittel und Kleiderspenden verteilten.<br><br>Von Anfang an wollten wir nicht nur mit Lebensmittel und Kleidung helfen, sondern besonders auch f\u00fcr Gespr\u00e4che da sein, um in praktischen Themen zu beraten, Hoffnung zu vermitteln und von Gottes G\u00fcte Zeugnis zu geben<\/strong><\/summary>\n<p><\/p>\n<\/details>\n\n\n\n<p><\/p>\n\n\n","protected":false},"excerpt":{"rendered":"","protected":false},"author":1,"featured_media":0,"parent":0,"menu_order":2,"comment_status":"closed","ping_status":"closed","template":"","meta":{"saved_in_kubio":false,"footnotes":""},"class_list":["post-305","page","type-page","status-publish","hentry"],"kubio_ai_page_context":{"short_desc":"","purpose":"general"},"_links":{"self":[{"href":"https:\/\/hoffnungfuerjeden.com\/index.php\/wp-json\/wp\/v2\/pages\/305","targetHints":{"allow":["GET"]}}],"collection":[{"href":"https:\/\/hoffnungfuerjeden.com\/index.php\/wp-json\/wp\/v2\/pages"}],"about":[{"href":"https:\/\/hoffnungfuerjeden.com\/index.php\/wp-json\/wp\/v2\/types\/page"}],"author":[{"embeddable":true,"href":"https:\/\/hoffnungfuerjeden.com\/index.php\/wp-json\/wp\/v2\/users\/1"}],"replies":[{"embeddable":true,"href":"https:\/\/hoffnungfuerjeden.com\/index.php\/wp-json\/wp\/v2\/comments?post=305"}],"version-history":[{"count":2,"href":"https:\/\/hoffnungfuerjeden.com\/index.php\/wp-json\/wp\/v2\/pages\/305\/revisions"}],"predecessor-version":[{"id":324,"href":"https:\/\/hoffnungfuerjeden.com\/index.php\/wp-json\/wp\/v2\/pages\/305\/revisions\/324"}],"wp:attachment":[{"href":"https:\/\/hoffnungfuerjeden.com\/index.php\/wp-json\/wp\/v2\/media?parent=305"}],"curies":[{"name":"wp","href":"https:\/\/api.w.org\/{rel}","templated":true}]}}